e
Is 54 a factor of 4037?
False
Is 738 a multiple of 41?
True
Does 37 divide 296?
True
Does 96 divide 1824?
True
Does 16 divide 16078?
False
Is 5567 a multiple of 6?
False
Does 106 divide 6928?
False
Is 18 a factor of 3816?
True
Is 49 a factor of 12348?
True
Does 5 divide 1580?
True
Does 151 divide 2567?
True
Is 3357 a multiple of 18?
False
Is 120 a factor of 23025?
False
Is 8339 a multiple of 45?
False
Is 179 a multiple of 7?
False
Is 20 a factor of 378?
False
Is 259 a factor of 25028?
False
Is 8505 a multiple of 135?
True
Does 234 divide 16894?
False
Does 123 divide 10086?
True
Does 14 divide 192?
False
Does 21 divide 1386?
True
Does 17 divide 4250?
True
Is 84 a factor of 118?
False
Is 1810 a multiple of 13?
False
Is 8193 a multiple of 68?
False
Does 4 divide 3799?
False
Is 4 a factor of 656?
True
Is 13 a factor of 2925?
True
Is 10 a factor of 159?
False
Is 12 a factor of 2244?
True
Is 54 a factor of 864?
True
Does 4 divide 5657?
False
Is 38 a factor of 836?
True
Does 81 divide 2592?
True
Is 4285 a multiple of 81?
False
Is 2772 a multiple of 77?
True
Is 6713 a multiple of 49?
True
Is 4667 a multiple of 13?
True
Does 117 divide 30118?
False
Is 325 a multiple of 7?
False
Does 38 divide 2054?
False
Is 17295 a multiple of 3?
True
Does 12 divide 4381?
False
Is 5670 a multiple of 18?
True
Is 2439 a multiple of 60?
False
Is 25 a factor of 8079?
False
Is 380 a multiple of 40?
False
Is 222 a multiple of 3?
True
Does 101 divide 5555?
True
Is 25 a factor of 1475?
True
Is 9170 a multiple of 35?
True
Is 81 a factor of 358?
False
Is 137 a factor of 14248?
True
Does 12 divide 1728?
True
Is 15 a factor of 176?
False
Does 17 divide 27676?
True
Does 32 divide 2656?
True
Does 27 divide 447?
False
Is 7 a factor of 2688?
True
Is 32 a factor of 1116?
False
Is 201 a multiple of 3?
True
Does 62 divide 14012?
True
Is 27 a factor of 2192?
False
Is 397 a multiple of 9?
False
Does 4 divide 35?
False
Is 509 a multiple of 18?
False
Is 7 a factor of 997?
False
Is 108 a multiple of 36?
True
Is 6893 a multiple of 104?
False
Is 453 a multiple of 35?
False
Does 12 divide 1251?
False
Is 75 a factor of 598?
False
Is 3262 a multiple of 14?
True
Is 678 a multiple of 63?
False
Does 2 divide 51?
False
Is 22 a factor of 8844?
True
Does 52 divide 24180?
True
Is 7 a factor of 13772?
False
Is 18 a factor of 3933?
False
Does 6 divide 2784?
True
Is 5475 a multiple of 73?
True
Is 19 a factor of 4529?
False
Is 64 a factor of 31872?
True
Is 8145 a multiple of 15?
True
Is 5511 a multiple of 11?
True
Is 106 a factor of 6647?
False
Is 32364 a multiple of 29?
True
Is 6 a factor of 3438?
True
Is 3060 a multiple of 68?
True
Does 54 divide 88811?
False
Is 35973 a multiple of 258?
False
Is 8 a factor of 2380?
False
Does 16 divide 1779?
False
Is 173 a multiple of 60?
False
Does 5 divide 579?
False
Does 7 divide 546?
True
Does 36 divide 8206?
False
Is 10272 a multiple of 32?
True
Does 5 divide 4947?
False
Is 53 a factor of 35404?
True
Is 29900 a multiple of 23?
True
Does 7 divide 287?
True
Does 31 divide 5608?
False
Is 462 a multiple of 55?
False
Does 31 divide 2706?
False
Is 1426 a multiple of 31?
True
Is 717 a multiple of 25?
False
Is 4087 a multiple of 5?
False
Is 5 a factor of 2407?
False
Is 6 a factor of 10178?
False
Is 17 a factor of 1395?
False
Is 22513 a multiple of 7?
False
Is 14 a factor of 22019?
False
Is 216 a multiple of 36?
True
Is 196 a multiple of 10?
False
Is 27732 a multiple of 55?
False
Is 1080 a multiple of 72?
True
Is 3768 a multiple of 17?
False
Is 43 a factor of 40377?
True
Does 5 divide 15110?
True
Does 5 divide 1890?
True
Is 16 a factor of 1824?
True
Does 39 divide 1639?
False
Is 30 a multiple of 2?
True
Does 6 divide 91?
False
Is 618 a multiple of 9?
False
Is 2080 a multiple of 65?
True
Is 634 a multiple of 13?
False
Is 5134 a multiple of 34?
True
Is 133 a multiple of 10?
False
Does 13 divide 92?
False
Does 19 divide 3591?
True
Does 14 divide 1050?
True
Does 20 divide 530?
False
Is 1416 a multiple of 27?
False
Is 53 a factor of 27759?
False
Is 6655 a multiple of 14?
False
Is 27789 a multiple of 59?
True
Is 44 a factor of 1108?
False
Does 124 divide 26040?
True
Does 13 divide 102154?
True
Is 804 a multiple of 3?
True
Is 60505 a multiple of 49?
False
Is 100 a factor of 392?
False
Is 16 a factor of 8246?
False
Does 83 divide 5644?
True
Is 25 a factor of 6306?
False
Is 49 a factor of 2455?
False
Is 17695 a multiple of 96?
False
Does 113 divide 31650?
False
Does 3 divide 1533?
True
Is 54 a factor of 1033?
False
Is 17 a factor of 43441?
False
Is 680 a multiple of 116?
False
Is 15 a factor of 7515?
True
Is 36 a factor of 4500?
True
Is 9 a factor of 31249?
False
Does 27 divide 2133?
True
Is 16 a factor of 1652?
False
Does 6 divide 216?
True
Is 7874 even?
True
Is 34359 a multiple of 39?
True
Does 72 divide 4752?
True
Is 8 a factor of 408?
True
Does 19 divide 1680?
False
Does 3 divide 8132?
False
Is 6273 a multiple of 17?
True
Does 20 divide 43280?
True
Does 104 divide 12168?
True
Does 26 divide 2782?
True
Is 13 a factor of 31148?
True
Is 4781 a multiple of 8?
False
Is 31 a factor of 28923?
True
Does 38 divide 830?
False
Does 8 divide 856?
True
Is 1285 a multiple of 72?
False
Is 28 a factor of 888?
False
Is 4545 a multiple of 15?
True
Is 7560 a multiple of 108?
True
Is 12882 a multiple of 14?
False
Is 145 a factor of 58791?
False
Does 25 divide 125?
True
Does 3 divide 32?
False
Is 26 a factor of 1325?
False
Is 64 a multiple of 32?
True
Does 2 divide 12800?
True
Is 71696 a multiple of 15?
False
Is 28224 a multiple of 97?
False
Is 22 a factor of 223?
False
Does 40 divide 31040?
True
Does 33 divide 1274?
False
Is 4095 a multiple of 9?
True
Is 6 a factor of 1086?
True
Is 10 a factor of 1152?
False
Is 757 a multiple of 11?
False
Is 4143 a multiple of 96?
False
Is 146925 a multiple of 199?
False
Does 289 divide 15345?
False
Is 24533 a multiple of 22?
False
Is 637 a multiple of 49?
True
Does 13 divide 13728?
True
Is 1134 a multiple of 54?
True
Is 11115 a multiple of 19?
True
Is 7033 a multiple of 11?
False
Is 26 a factor of 520?
True
Does 70 divide 1908?
False
Is 3634 a multiple of 176?
False
Is 8 a factor of 184?
True
Is 11 a factor of 1738?
True
Is 280 a multiple of 4?
True
Does 3 divide 935?
False
Does 166 divide 6792?
False
Is 270 a multiple of 5?
True
Is 1884 a multiple of 12?
True
Is 676 a multiple of 31?
False
Is 13 a factor of 1300?
True
Is 43 a factor of 3594?
False
Is 98 a factor of 882?
True
Is 4825 a multiple of 50?
False
Does 90 divide 1880?
False
Does 9 divide 243?
True
Is 1543 even?
False
Does 37 divide 32555?
False
Is 4 a factor of 415?
False
Is 733 a multiple of 39?
False
Is 1330 a multiple of 18?
False
Is 2580 a multiple of 33?
False
Is 7 a factor of 259?
True
Is 33 a factor of 728?
False
Is 460 a multiple of 10?
True
Is 10 a factor of 15018?
False
Is 24 a factor of 4327?
False
Does 22 divide 8250?
True
Does 3 divide 427?
False
Is 71616 a multiple of 64?
True
Does 7 divide 1659?
True
Is 800 a multiple of 3?
False
Does 118 divide 5366?
False
Is 14 a factor of 1526?
True
Does 25 divide 1550?
True
Is 33 a factor of 462?
True
Is 20144 a multiple of 8?
True
Is 237 a multiple of 3?
True
Is 166 a factor of 47144?
True
Is 4058 a multiple of 30?
False
Does 9 divide 17384?
False
Is 17 a factor of 7548?
True
Is 118 a factor of 18408?
True
Is 3 a factor of 22770?
True
Is 11687 a multiple of 4?
False
Is 1002 a multiple of 29?
False
Is 9 a factor of 3900?
False
Is 18 a factor of 12438?
True
Does 47 divide 4512?
True
Is 2592 a multiple of 18?
True
Is 22 a factor of 748?
True
Is 94083 a multiple of 33?
True
Is 15 a factor of 330?
True
Does 21 divide 2730?
True
Is 14 a factor of 184?
False
Is 54 a multiple of 19?
False
Is 19228 a multiple of 80?
False
Does 90 divide 2470?
False
Is 2094 a multiple of 36?
False
Is 1136 a multiple of 15?
False
Is 9 a factor of 66?
False
Is 15 a factor of 555?
True
Is 3546 a multiple of 18?
True
Is 3 a factor of 373?
False
Is 3 a factor of 436?
False
Is 2489 a multiple of 6?
False
Does 178 divide 23206?
False
Is 25 a factor of 4219?
False
Is 3589 a multiple of 43?
False
Does 17 divide 2432?
False
Is 198 a multiple of 22?
True
Is 10 a factor of 4990?
True
Is 15280 a multiple of 16?
True
Is 77682 a multiple of 22?
True
Is 152 a multiple of 9?
False
Is 25 a f